**2 - p + 1. Suppose -3*t - 25 = 2*t, -4*t = -f + 21. Calculate g(f).
-9
Let k(i) be the third derivative of i**6/120 + 13*i**5/60 + i**4/2 - 7*i**3/6 - 6*i**2 - 3. Calculate k(-12).
-7
Let y(j) = -j**3 - j + 9. Let g = -10 + 13. Suppose g*r = -3*p, 2*p + 3*p = 0. Calculate y(r).
9
Let m(u) = 7*u - 10. Let l(f) = -2 - 10 + 7*f - f + 3. Let x(j) = -4*l(j) + 3*m(j). Calculate x(4).
-6
Let i(o) = 3*o - 3. Let f(r) = -r**3 + 2*r**2 + 3*r - 3. Let s be f(2). Suppose -2*p + p = -y - 3, 5*y = -s*p - 7. Suppose -p = 5*l - 11. Calculate i(l).
3
Let d(u) = u**3 - 2*u**2 - u. Let f(q) = q**3 - q**2 - q. Let w(h) = 2*d(h) - 3*f(h). Calculate w(-2).
2
Let f(m) = -4*m - 4. Let z be 1 - (6 + 0) - 1. Give f(z).
20
Let i(j) = 7*j + j - j. Let q = 8 + -8. Let g be 2/(-4)*(-2 - q). Give i(g).
7
Let i(l) = -l**3 - l**2 + 3. Let y be 0/(-2 + 6/2). Calculate i(y).
3
Let j(y) = y**3 - 5*y**2 + 8*y - 10. Suppose 3*i + 15 = 0, -3*n + 1 = -i - 16. Let x be j(n). Let r(o) = -o**3 + 5*o**2 + 5*o + 1. Determine r(x).
-5
Let r(y) be the second derivative of 5*y + 0 + y**2 + 1/6*y**3. What is r(5)?
7
Suppose -5*w + 4 = -6. Let u be w/(2/10*-2). Let m(k) = -k - 6. What is m(u)?
-1
Let n(p) = -p**3 - 6*p**2 - 7*p - 4. Let z = 14 + -21. Let t = 2 + z. Give n(t).
6
Let v(s) be the second derivative of -s**5/20 + 7*s**4/12 + s**3/6 - 5*s**2/2 - 14*s. What is v(7)?
2
Let c(l) = l - 7. Let j(q) = -q + 8. Let y(v) = -4*c(v) - 3*j(v). Calculate y(-3).
7
Suppose -4*k - 17 - 3 = 0. Let z(i) = -i + 6. Determine z(k).
11
Let z(p) = p**2 + 5*p + 6. Let q(a) = a**2 + 6*a + 6. Let r(o) = 6*q(o) - 7*z(o). Let v = 7 - -5. Suppose -4*t - v = -3*i, -i = 3*t + 13 - 4. Determine r(i).
-6
Let m(k) be the third derivative of -k**2 - 5/6*k**3 + 0*k + 0 - 1/24*k**4. Calculate m(-4).
-1
Let b(f) = f**3 - 6*f**2 + 5*f - 5. Let c be b(5). Let h(n) = -n**2 + 5*n. Let s be h(4). Let o(a) = 0 - 2 + s - a - 6. What is o(c)?
1
Let t(o) be the first derivative of 2*o**2 + 10 - 2/3*o**3 - 3*o - 1/4*o**4. Determine t(-4).
13
Let x(o) = -o**3 + 5*o**2 + 2*o - 2. Let w be x(5). Suppose 3*n - w = s, 2*s + 7 = 3*n - 3. Let u(k) = -2*k**2 + k. Calculate u(n).
-6
Let q(r) be the third derivative of r**5/60 - 7*r**4/24 - r**3 - 3*r**2. Let i(w) = -w**2 + 7*w - 2. Let n be i(5). What is q(n)?
2
Let p(y) = y**3 + 3*y**2 - 4*y + 2. Let c(m) = -m**3 - 6*m**2 + m + 4. Let b be c(-6). Let l be (1 - b)*(5 + -4). Suppose 2*q + 5 + l = 0. Calculate p(q).
2
Let i(f) = 4. Let w(b) = b + 1. Let o(s) = -i(s) + w(s). Let a be o(5). Let h(c) = -c**3 - 4*c**a + 2 + 6*c + 4 - 3*c. What is h(-4)?
-6
Let v(m) be the third derivative of -m**6/24 - m**5/60 + m**4/24 - 2*m**2. Let u = 9 - 5. Suppose u*h - 3 = 1. What is v(h)?
-5
Let t(z) be the first derivative of 2*z**3 + z**2/2 - 12. Determine t(1).
7
Let v(r) be the first derivative of -r**3/3 - r**2/2 - 8*r + 24. What is v(0)?
-8
Let z(g) = -g**3 - 4*g**2 + 2*g + 3. Let d(n) = -n**3 - 7*n**2 + 9*n + 10. Let x be d(-8). Suppose 0 = -0*s - 3*s + 3*m - 12, x*m - 20 = 5*s. Determine z(s).
-5
Let s = -7 - -8. Let c(g) = 0*g - s + 4 - 5 + g. Calculate c(5).
3
Let f(z) = z - 4. Suppose 2*u + 3*u - 35 = 0. Suppose 5*q = -4*p + q + 32, p + 3*q = 8. Let l be u/4 - (-2)/p. Give f(l).
-2
Let r(y) = 2*y**2 - 3*y - 1. Let m(u) = -u - 1 + 0 + 0 - 4. Let g be m(-8). Give r(g).
8
Let i(j) = -85*j**2 - 17*j + 5. Let h(y) = 17*y**2 + 3*y - 1. Let a(c) = -11*h(c) - 2*i(c). Determine a(-1).
-17
Let d(c) = -c + 13*c**3 - 1 - 9*c**3 + c**2 + 2. What is d(1)?
5
Suppose 29 - 11 = -3*y. Let h(q) be the second derivative of -q**4/12 - q**3 + 5*q**2/2 + 15*q. Determine h(y).
5
Let f(q) = -3*q**2 + 5*q. Let z(p) = -2*p**2 + 5*p + 1. Let c(n) = 3*f(n) - 4*z(n). What is c(-6)?
-10
Suppose 0 = w + 2 - 12. Let o be (w/4)/(2/4). Let l(d) = o*d - 2*d**2 - 3*d + 3*d + 4 - 3*d. What is l(3)?
-8
Let t(o) = -o**2 - 5*o - 4. Suppose -9*n + 8 = -11*n. Determine t(n).
0
Let d(m) = 3*m**3 - 2*m**2 + 3*m. Let y(v) = 2*v**3 - v**2 + 2*v. Suppose 0 = -3*n + 8*n - 15. Let i(w) = n*d(w) - 5*y(w). Let g = 6 - 6. Calculate i(g).
0
Let b(o) be the third derivative of o**6/120 - 7*o**5/60 + o**4/4 - o**3 + 3*o**2. Let d = 8 - 2. Give b(d).
-6
Suppose 0 = -2*k + r + 7, 5*r = 2*k - 4 - 15. Let w(y) = 2*y**k - y - 2*y - 2*y**2 - 5*y**2 - 8 + y**3. Determine w(6).
10
Let r(n) = 2*n + 3. Let t be 0/((3 - 6) + 1). Let x = 6 + t. Suppose 6 = -4*w + x*w. What is r(w)?
9
Let r(i) = -i + 2. Let f = -12 - -12. Calculate r(f).
2
Let h(x) = 0 - 34*x - 6 + 29*x. Determine h(-4).
14
Let d(t) be the first derivative of t**4/4 + t**3/3 - 3*t**2/2 + t - 3. What is d(2)?
7
Let k = -31 - -25. Let l(n) = n**2 + 9*n + 7. What is l(k)?
-11
Let w = 121 + -124. Suppose 0 = -2*u + 6, 4*l = -2*u + 7 + 7. Let j(d) = 4*d + 1. Let o(q) = 9*q + 1. Let a(y) = l*o(y) - 5*j(y). Give a(w).
3
Let b(w) = w**3 - 1. Let n(j) = 3*j**3 - 3*j**2 + 3*j - 4. Let m(x) = -2*b(x) + n(x). Let t(d) = 3*d**2 - 2*d + 1. Let c be t(1). Give m(c).
0
Suppose -2*l + 5 - 15 = 0. Let p = l - -8. Suppose p*d = d. Let z(c) = c + 1. What is z(d)?
1
Let m = 4 + -9. Let w(d) = 0 + 7 + 2*d**2 - 3*d**2 - 5*d. What is w(m)?
7
Let o = 6 - 2. Let b be (-1)/(o/((-20)/(-1))). Let m(h) = -h**2 - 5*h + 4. What is m(b)?
4
Let q(g) = -g**2 + 2*g - 4. Let h(v) = v**2 + v + 1. Let t be h(-1). Suppose -2 = -o + t. Determine q(o).
-7
Let f = 5 - 4. Let b(o) be the first derivative of 1/2*o**2 - o - 1. Determine b(f).
0
Let a(b) = -3*b**3 - 2*b - 1. Let q be a(-1). Let f(w) = -4 + 5 - 3*w + w**2 - 4. Calculate f(q).
1
Let g(m) be the first derivative of -m**4/4 - 7*m**3/3 - 3*m**2/2 - 10*m - 1. Give g(-7).
11
Let q(w) = -w**3 - 5*w**2 + 4*w - 8. Suppose 2*j + 9 + 3 = 0. What is q(j)?
4
Let b(w) be the third derivative of w**9/60480 + w**8/20160 + w**7/1680 + w**6/240 - w**5/60 + 5*w**2. Let y(z) be the third derivative of b(z). Give y(-2).
-7
Let w(r) = -r**3 + r**2 + r - 1. Let h(c) = -3*c**3 + c**2 + c - 2. Let o(k) = h(k) - 4*w(k). Let v = 3 - 0. Calculate o(v).
-7
Suppose 5*q + 0*w - 37 = -4*w, -w + 18 = 3*q. Let c(t) = -t - 1. Determine c(q).
-6
Suppose 5*g = -o + 99, 0 = -3*o + 3 + 9. Let x(l) = 0*l - 23 - l + g. Give x(-7).
3
Let g be (-2)/10 + (-32)/(-10). Suppose -g*b - 5 = -2. Let d(q) = 0 + q**3 + q**2 - q**3 + q**3 + 1. What is d(b)?
1
Let j(q) be the first derivative of 3*q**2/2 - 4*q + 15. Determine j(7).
17
Let r(o) = 0*o + 3*o + 4 - o**2 + 0*o - 5*o. Calculate r(-5).
-11
Let z(u) be the first derivative of -u**3/3 + 7*u**2/2 - 7*u - 11. Give z(6).
-1
Suppose -1 + 12 = 4*y - s, -y - 6 = -2*s. Let z(t) = t**2 + 4*t + 2. Let a be z(-4). Let f(n) = 5 + 0*n**2 + a*n**2 - 4*n**2 + 4*n. Calculate f(y).
-11
Suppose 24 = 13*b - 2. Let t(q) = -3*q**2 + 2*q. Give t(b).
-8
Suppose 0 = -2*n - 0*n. Suppose n*t = -t + 3. Let q(y) = 2*y + 2. Calculate q(t).
8
Let k = 1 - -4. Suppose -5 - k = -5*o. Let w(x) = 7*x - 6. Let n(i) = -13*i + 11. Let u(t) = 6*n(t) + 11*w(t). Give u(o).
-2
Let v(d) = -d**2 - d + 1. Let w be v(-2). Let z = w + -1. Let k(a) = 3*a**2 + 3*a. What is k(z)?
6
Let p(f) = -14*f**2 + 15*f - 8. Let y(h) = -5*h**2 + 5*h - 3. Let b(o) = 6*p(o) - 17*y(o). Determine b(-4).
-1
Let h(r) be the second derivative of r**4/12 + r**3/6 - r**2 - r. Let j = -112 + 114. Calculate h(j).
4
Let t(o) = o**3 - 5*o**2 + 1. Let q(x) = x**3 + 3*x**2 - 3*x - 4. Let h be q(-3). Let n be t(h). Let c(s) = s**2. What is c(n)?
1
Let y(j) = -4*j - 7. Let x(b) = -2*b - 3. Let d(t) = -9*x(t) + 4*y(t). Let l be (-6)/21 + (-8)/(-28). Suppose 2*p - n = 9, -p + l*p = 5*n - 10. Determine d(p).
9
Suppose -r - 6 = 2*t - 4*r, 0 = -3*t - 5*r - 9. Let o be 2/t*18/(-6). Let g(d) = d**o - d - 2*d**2 + 4*d + 2*d. Determine g(4).
4
Let m be 2 + -2 + 0 + 2. Suppose -12 = -6*j + m*j. Let b(o) = -3*o**3 + o**2 + 3*o - 1. Let f(k) = 4*k**3 - 4*k + 2. Let l(v) = 3*b(v) + 2*f(v). What is l(j)?
4
Let n(l) = 5*l - 1. Let v(s) = -2*s**3 + s**2 - 1. Let w be v(1). Let o be (-10)/5 + (-6)/w. Calculate n(o).
4
Suppose -2*z + i + 37 = 6*i, -i + 5 = 0. Let w(y) = y**3 - 8*y**2 + 6*y + 7. Give w(z).
-29
Let j(t) = t**3. Let z(l) = -7*l**3 + l. Let k(a) = 6*j(a) + z(a). Suppose 20 = -5*m, -5*c = -m - 0*m + 11. Let y = 1 + c. What is k(y)?
6
Suppose -11 = 2*y - 5*j, 3*y - 6 = 3*j - 0. Suppose -5 = a, -w = -4*a + 6*a + y. Suppose 0 = 3*u - 8*u - 3*c, u 